 Let h(s) = 1. Let a be (4 - 2) + 0 + 1. Let q(z) = a*h(z) - 2*t(z). Give q(i).
5
Suppose -36 = -3*c - 0*c. Suppose 3*t + 0*t = c. Let r(x) = 530*x**2 + 4 + 3*x - 531*x**2 - 4. What is r(t)?
-4
Let b(k) = -5*k - 39. Let r = 27 + -19. Let s(d) be the first derivative of -d**2 - 13*d - 86. Let t(p) = r*s(p) - 3*b(p). Determine t(6).
7
Suppose -99*x - 1207 - 179 = 0. Let s(q) = q + 13. Calculate s(x).
-1
Let n(p) be the first derivative of p**5/60 - p**4/8 + p**3/6 + 21*p**2 - 17. Let q(s) be the second derivative of n(s). Calculate q(6).
19
Let p(s) = -3*s + 92. Let f = -24270 - -24296. Calculate p(f).
14
Let k(r) = r**3 + 12*r**2 - 108*r + 4. Suppose 295 - 290 = -x, 4*g - 6*x + 42 = 0. Give k(g).
4
Suppose 247 = 2*q - 5*i + 210, -5*q - 5*i = -5. Let r(u) be the third derivative of u**4/6 + u**3 - u**2. Calculate r(q).
30
Suppose -2*l = m + 9, 21 = -5*l - 3*m - 1. Let b(f) be the second derivative of 0 - 3*f + 1/6*f**3 + 7/2*f**2. Calculate b(l).
2
Let w(q) = 4*q + 12. Let i = 115 - 120. Let f(x) = 4*x + 14. Let a(y) = i*f(y) + 6*w(y). Let h be (-8)/5 + 8/(-20). Give a(h).
-6
Let r(x) = -x**2 + 7*x - 7. Suppose -4*n = -4*p + 1304, 2*n - 94 = -5*p + 1501. Let w be 2/(-8) - (p/(-4) - -2). Let y be w/15 - (-32)/40. What is r(y)?
-1
Let z(l) = l**2 - 8*l - 2. Let w = 63 - 137. Let s = -70 - w. Suppose -s*b + b = -18. Determine z(b).
-14
Let d(t) = -t**3 + 7*t**2 - 5*t + 2. Let r be d(6). Let s(g) be the first derivative of -3*g**2/2 + 6*g - 22. Determine s(r).
-18
Let b(d) = -5 + 2*d + 4*d**2 + 2*d**2 - d**3 + 0*d. Suppose -56*o + 51*o = -210. Suppose o*w - 250 = 2. Determine b(w).
7
Let m(l) = l**3 + 9*l**2 - 265*l - 1641. Let c be m(-6). Let u(f) = -f**2 + 62*f - 284. What is u(c)?
1
Suppose 0 = a + 2*a + 30. Suppose -2*i = 3*x + 3, 10*i = 9*i - x - 2. Let w be i - (4 - a/(-2)). Let l(c) = -c**3 - 5*c**2 - c + 1. Calculate l(w).
-9
Let v(l) = l**3 + 9*l**2 + 3*l + 26. Let m be v(-9). Let a be (0 - 0) + 6 + -1. Let x(o) = a - 16*o - 3 - 2. What is x(m)?
16
Let w = -1131 + 1134. Let o(t) be the third derivative of 0*t - 1/8*t**4 + 0 - 5/6*t**w + 15*t**2. Determine o(-6).
13
Let l(p) = -p**2 - 6*p + 16. Let z be l(-8). Suppose -4*h + 20 = z, q = -q + h + 9. Let w(n) = -n**2 + 7*n - 1. What is w(q)?
-1
Let z = -28 + 16. Let v(k) = -k + 2687. Let g(d) = 2*d - 6049. Let j(q) = -4*g(q) - 9*v(q). Give j(z).
1
Let s(b) = -b + 10. Let z(m) be the second derivative of -2*m - m**2 + 0 + 1/20*m**5 + 3/4*m**4 + 7/6*m**3. Let v be z(-8). Calculate s(v).
4
Let q(l) = -2237*l + 2 + 15 - 2241*l + 6721*l - 2244*l. Suppose 2*n - 4*n = -24. Give q(n).
5
Let f(i) = 2*i**2 + 3*i + 3. Suppose 11*q + 12 = 17*q. Suppose 2*s + 3*k = -q*k - 6, -4*s = -k + 12. What is f(s)?
12
Let j(v) = v**3 + 5*v**2 - 8*v - 8. Suppose -4*g = -2*p - 29 - 41, -2*g - 5*p + 17 = 0. Let k be 11/(1/(-2)*1). Let i = k + g. What is j(i)?
4
Let p be (-2)/1*-14*(-2)/8. Let k(c) be the second derivative of c**4/12 + 2*c**3/3 + c**2/2 - 8*c - 2. What is k(p)?
22
Suppose 6*j - 66 = 498. Suppose -n + 5*g = -51 - j, -2*g = n - 166. Let r(k) = 171 - 2*k + 0*k - n. Give r(9).
-7
Let h(c) = -5*c**2 + 14*c - 3. Let s(v) = 14*v**2 - 41*v + 10. Let q(g) = 17*h(g) + 6*s(g). Let x be -3 + (-23)/(-7) - 8696/56. Let w = 147 + x. Give q(w).
9
Let w(d) be the first derivative of -d**2 + 1/60*d**5 - 1/24*d**4 + 12 + 0*d - 7/6*d**3. Let m(f) be the second derivative of w(f). Determine m(0).
-7
Let g(o) = -o**3 - 17*o**2 - 17*o - 12. Let d be g(-16). Suppose -d*c - 71 + 19 = 0. Let k = -16 - c. Let f(p) = p**2 + 5*p - 2. What is f(k)?
-8
Let q(n) = -16*n - 278 + 804 - 268 + n**2 - 276. Let d be (-98)/(-6) - (-4)/6. Determine q(d).
-1
Let i(d) be the second derivative of 9*d**5/20 + d**4/6 - d**3/6 + d**2 + 5847*d. Calculate i(-2).
-60
Let f(a) = -a**3 - 13*a**2 + 13*a - 12. Let u be 17358/(-1315) - 4/5. Give f(u).
2
Let t = 5093 - 5113. Let n(y) = -2*y - 38. What is n(t)?
2
Suppose -p - 72 = -19*p. Suppose -p*t - q = 13 - 8, -3*q + 3 = 3*t. Let d(c) = 3*c**3 + 4*c**2 + c - 2. Calculate d(t).
-12
Let w be (3/(-2))/((-72)/16 - -5). Let x = 2 - w. Let q(f) be the first derivative of -f**2/2 + 7*f + 15. What is q(x)?
2
Suppose -5*f - 37 = 2*t, -4*f - 16 = -6*t + 11*t. Let x(z) = -z**3 - 10*z**2 - 10*z - 5. Calculate x(f).
4
Let p(l) be the third derivative of -l**6/180 + l**4/6 + 41*l**3/6 + 65*l**2. Let n(s) be the first derivative of p(s). Give n(-4).
-28
Let k(x) be the first derivative of -2*x**2 - 5*x - 67. Suppose -5*j + 2*m = m + 11, 0 = 4*j - 2*m + 10. Determine k(j).
3
Let r(w) = w. Let v(u) = 5*u**2 + 5*u - 1. Let d(f) = -f**2 - 11*f + 25. Let b be d(-13). Let c(q) = b*v(q) + 4*r(q). Let k = 5 + -3. Calculate c(k).
-21
Let z(a) = -3*a + 1. Let d(p) = 5*p + 5. Let u(s) = 11*s + 12. Let n(v) = 7*d(v) - 3*u(v). Let f(c) = 4*n(c) + 5*z(c). Determine f(5).
-34
Let h(m) = m**2 + 5*m + 8. Let k be h(-5). Suppose -26*w = -18*w - k. Let y(j) = -j**3 - j + 1. What is y(w)?
-1
Let x(j) be the first derivative of 14*j**2 - 645*j + 7193. Give x(23).
-1
Let g = -605 + 598. Let l(o) = -3*o - 13. Determine l(g).
8
Let i(c) be the second derivative of -2/3*c**3 + 0 + 1/6*c**4 + 253*c - 3*c**2. Determine i(5).
24
Let r(k) = -k**3 - 3*k**2 - 6*k - 1. Let g(v) = -2*v**3 - v**2 - 2. Let s(d) = -g(d) + r(d). Suppose 7 = -n + 11. Calculate s(n).
9
Let y(k) be the first derivative of k**2/2 + 8*k + 2298. Determine y(-7).
1
Let m(x) = 3*x**2 + 4*x - 3. Suppose -330 = 6*s - 39*s. Let w be (-14)/(-10) - 54/s. What is m(w)?
29
Let b(g) be the first derivative of -g**4/4 - 5*g**3/3 - g**2/2 - g + 493. Calculate b(-4).
-13
Let d(n) = 923 + 0*n - 912 + n. Let c(t) = -t**3 - 11*t**2 + 82*t + 25. Let a be c(-16). What is d(a)?
4
Let n be 5/1*(-1 - (-32)/20). Let x(v) = -4*v**2 - 16*v - 11. Let s(z) = z**2. Let d(m) = n*s(m) + x(m). Determine d(-14).
17
Let d(q) be the first derivative of q**2/2 + 3*q - 801. Give d(7).
10
Let i(w) = 1410*w - 461*w - 464*w - w**2 - 14 - 476*w. What is i(5)?
6
Let o be (-6)/(-9)*(3 - 0). Suppose -9 = -3*c + 9. Suppose c*g = -o*g. Let n(w) = w**2 - w + 7. Determine n(g).
7
Let y(c) = -4*c**3 + 6*c**2 + 4*c + 7. Let d(k) = -k**3 - k + 2. Let v be 5 - 30/3 - -6. Let h(l) = v*y(l) - 3*d(l). Determine h(7).
1
Let l(o) = 158*o - 606. Let q(a) = -53*a + 218. Let v(y) = -6*l(y) - 17*q(y). Calculate v(-2).
24
Let x = -114 - -125. Let w(r) = -4*r**2 + r**3 - x + 3*r - 3 - 1 + 13. Let y = 5 - 1. Calculate w(y).
10
Let c(f) = -10*f + 36. Let a be 7 + ((-106)/34 - 142/(-1207)). Give c(a).
-4
Let t(k) = k**2 - 85*k + 397. Let q be t(5). Let f(s) be the second derivative of 0 - 1/2*s**3 - s**2 + 1/12*s**4 - 4*s. What is f(q)?
16
Let u(o) = -o**2 + 5*o - 124. Let j be u(0). Let g = -125 - j. Let t(h) = -14*h. Determine t(g).
14
Let o(p) be the third derivative of p**5/60 + p**4/12 + p**3/6 + 210*p**2 + 7*p. Let d(q) = q + 2. Let b be d(-5). Give o(b).
4
Let t = -13411 + 13408. Let x(l) = 4*l**2 - 3*l - 14. Calculate x(t).
31
Let a(g) = g**2 - 11*g - 18. Let t be (-52)/(((-4)/(-10))/(2/(-20))). Give a(t).
8
Suppose 20*z + 858 + 4562 = 0. Let x = z - -269. Let t(y) be the third derivative of y**4/6 + y**3/6 + y**2. What is t(x)?
-7
Let s(c) = 93*c - 1389. Let t be s(15). Let n(a) = a**3 - 6*a**2 - 2*a - 11. What is n(t)?
-23
Let h(x) = x**3 + 6*x**2 + x - 1. Suppose 0 = -2*k + 8. Suppose -12 = k*o - 0. Let r be (7 - 1)/(o - -2). Give h(r).
-7
Suppose 3*u - 15 = -3*o, -18*u - 15 = -21*u. Let v(c) be the second derivative of 1/2*c**2 + o - c + 1/12*c**4 + 5/6*c**3. What is v(-4)?
-3
Let y(i) be the second derivative of -1/20*i**5 - 1/4*i**4 + 5/6*i**3 + 0 - 1/2*i**2 - 48*i. Calculate y(-4).
-5
Let i(r) = -r**3 - 10*r**2 - 23*r - 3. Let a be i(-10). Let x = -234 + a. Let s(g) = -2*g - 8. What is s(x)?
6
Suppose 5*u + 33 = 13. Let r be u/(-4) - (-3)/1. Suppose 2*n + 4*f = 0, 4*f - 94 = r*n - 34. Let m(i) = i**2 + 10*i - 6. What is m(n)?
-6
Let z(c) be the first derivative of -c**4/4 + 4*c**3/3 + 5*c**2/2 + 6*c - 6. Suppose -3*s + 72*o + 25 = 77*o, 4*s - 26 = -3*o. Calculate z(s).
6
Let q be -4 - 0 - (-10 + 80). Let j = q + 82. Suppose h - 3*z - 4 = 0, -2*z - j = h + h. Let n(b) = -2*b**3 - 4*b**2 - 2*b + 2. What is n(h)?
6
Let o(b) = 23*b - 6. Let g(y) = 2 - 32*y - 23*y + 48*y. Let z(t) = 7*g(t) + 2*o(t). What is z(2)?
-4
Let w(n) =